USE bazy_danych;
GO

INSERT INTO dbo.KWALIFIKACJE(iso, nazwa, opis) VALUES
('9001', 'System zarządzania jakością', 'Norma określająca wymagania dotyczące systemu zarządzania jakością w organizacjach.'),
('14001', 'System zarządzania środowiskowego', 'Norma określająca wymagania dotyczące systemu zarządzania środowiskowego w organizacjach.'),
('45001', 'System zarządzania bezpieczeństwem i higieną pracy', 'Norma określająca wymagania dotyczące systemu zarządzania bezpieczeństwem i higieną pracy w organizacjach.'),
('27001', 'System zarządzania bezpieczeństwem informacji', 'Norma określająca wymagania dotyczące systemu zarządzania bezpieczeństwem informacji w organizacjach.'),
('22301', 'System zarządzania ciągłością działania', 'Norma określająca wymagania dotyczące systemu zarządzania ciągłością działania w organizacjach.'),
('50001', 'System zarządzania energią', 'Norma określająca wymagania dotyczące systemu zarządzania energią w organizacjach.'),
('31000', 'Zarządzanie ryzykiem', 'Norma określająca zasady i wytyczne dotyczące zarządzania ryzykiem w organizacjach.'),
('20000', 'System zarządzania usługami IT', 'Norma określająca wymagania dotyczące systemu zarządzania usługami IT w organizacjach.'),
('13485', 'System zarządzania jakością dla wyrobów medycznych', 'Norma określająca wymagania dotyczące systemu zarządzania jakością dla wyrobów medycznych.'),
('22000', 'System zarządzania bezpieczeństwem żywności (HACCP++)', 'Norma określająca wymagania dotyczące systemu zarządzania bezpieczeństwem żywności w organizacjach.'),
('17025', 'Ogólne wymagania dotyczące kompetencji laboratoriów badawczych i wzorcujących', 'Norma określająca wymagania dotyczące kompetencji laboratoriów badawczych i wzorcujących.'),
('20121', 'System zarządzania zrównoważonym rozwojem wydarzeń', 'Norma określająca wymagania dotyczące systemu zarządzania zrównoważonym rozwojem wydarzeń w organizacjach.'),
('27017', 'Praktyki kontroli bezpieczeństwa informacji dla usług w chmurze', 'Norma określająca praktyki kontroli bezpieczeństwa informacji specyficzne dla usług w chmurze.'),
('27018', 'Ochrona danych osobowych w chmurze', 'Norma określająca wymagania dotyczące ochrony danych osobowych przetwarzanych w usługach chmurowych.'),
('15408', 'Kryteria oceny bezpieczeństwa informatycznego', 'Norma określająca kryteria oceny bezpieczeństwa informatycznego produktów i systemów informatycznych.'),
('28000', 'System zarządzania bezpieczeństwem w łańcuchu dostaw', 'Norma określająca wymagania dotyczące systemu zarządzania bezpieczeństwem w łańcuchu dostaw.'),
('50002', 'Pomiar efektywności energetycznej', 'Norma określająca wytyczne dotyczące pomiaru efektywności energetycznej w organizacjach.'),
('30301', 'System zarządzania ciągłością działania dla sektora publicznego', 'Norma określająca wymagania dotyczące systemu zarządzania ciągłością działania w sektorze publicznym.'),
('39001', 'System zarządzania odpowiedzialnością społeczną', 'Norma określająca wymagania dotyczące systemu zarządzania odpowiedzialnością społeczną w organizacjach.'),
('41001', 'System zarządzania zdrowiem i dobrostanem', 'Norma określająca wymagania dotyczące systemu zarządzania zdrowiem i dobrostanem w organizacjach.'),
('22316', 'Zarządzanie cyberbezpieczeństwem w łańcuchu dostaw', 'Norma określająca wymagania dotyczące zarządzania cyberbezpieczeństwem w łańcuchu dostaw.'),
('20400', 'Zarządzanie odpowiedzialnością społeczną', 'Norma określająca wytyczne dotyczące zarządzania odpowiedzialnością społeczną w organizacjach.'),
('50003', 'Monitorowanie i pomiar efektywności energetycznej', 'Norma określająca wytyczne dotyczące monitorowania i pomiaru efektywności energetycznej w organizacjach.'),
('55001', 'System zarządzania zrównoważonym rozwojem energetycznym', 'Norma określająca wymagania dotyczące systemu zarządzania zrównoważonym rozwojem energetycznym w organizacjach.'),
('56002', 'Zarządzanie innowacjami', 'Norma określająca wytyczne dotyczące zarządzania innowacjami w organizacjach.'),
('58001', 'System zarządzania bezpieczeństwem informacji dla sektora publicznego', 'Norma określająca wymagania dotyczące systemu zarządzania bezpieczeństwem informacji w sektorze publicznym.'),
('60001', 'System zarządzania energią odnawialną', 'Norma określająca wymagania dotyczące systemu zarządzania energią odnawialną w organizacjach.'),
('70001', 'System zarządzania jakością w sektorze usług zdrowotnych', 'Norma określająca wymagania dotyczące systemu zarządzania jakością w sektorze usług zdrowotnych.'),
('80001', 'Zarządzanie ryzykiem w usługach IT', 'Norma określająca wytyczne dotyczące zarządzania ryzykiem w usługach IT.'),
('90002', 'System zarządzania jakością dla sektora publicznego', 'Norma określająca wymagania dotyczące systemu zarządzania jakością w sektorze publicznym.'),
('100001', 'System zarządzania zrównoważonym rozwojem dla dużych organizacji', 'Norma określająca wymagania dotyczące systemu zarządzania zrównoważonym rozwojem w dużych organizacjach.');
GO

INSERT INTO dbo.FIRMY (nip, nazwa, numer_telefonu, adres_email) VALUES
('5261040825', N'BalticSoft Sp. z o.o.', N'+48 58 555 10 01', N'kontakt@balticsoft.example.com'),
('1234567890', N'Nordic Logistics S.A.', N'+48 58 555 10 02', N'biuro@nordiclogistics.example.com'),
('6342198731', N'Pomorze IT Solutions Sp. z o.o.', N'+48 58 555 10 03', N'hello@pomorzeit.example.com'),
('7778889991', N'Kaszuby Energia Sp. z o.o.', N'+48 58 555 10 04', N'kontakt@kaszubyenergia.example.com'),
('5210099912', N'MetroBud Sp. z o.o.', N'+48 58 555 10 05', N'biuro@metrobud.example.com'),
('9573214680', N'GreenWave S.A.', N'+48 58 555 10 06', N'office@greenwave.example.com'),
('8123456701', N'Helios Finanse Sp. z o.o.', N'+48 58 555 10 07', N'kontakt@heliosfinanse.example.com'),
('6029384751', N'Vistula Medical Sp. z o.o.', N'+48 58 555 10 08', N'info@vistulamedical.example.com'),
('3948571620', N'Gdańsk Events Sp. z o.o.', N'+48 58 555 10 09', N'kontakt@gdanskevents.example.com'),
('8412093765', N'ProClean Serwis Sp. z o.o.', N'+48 58 555 10 10', N'biuro@proclean.example.com'),
('1098765432', N'Byte&Co Sp. z o.o.', N'+48 58 555 10 11', N'contact@byteco.example.com'),
('4455667788', N'Port & Trade S.A.', N'+48 58 555 10 12', N'office@porttrade.example.com'),
('3355779911', N'Academy Partners Sp. z o.o.', N'+48 58 555 10 13', N'biuro@academypartners.example.com'),
('8899001122', N'CloudNine Sp. z o.o.', N'+48 58 555 10 14', N'kontakt@cloudnine.example.com'),
('7012345678', N'OptiRetail S.A.', N'+48 58 555 10 15', N'office@optiretail.example.com'),
('5901234567', N'Blue Harbor Sp. z o.o.', N'+48 58 555 10 16', N'kontakt@blueharbor.example.com'),
('2481357906', N'Krypton Security Sp. z o.o.', N'+48 58 555 10 17', N'info@kryptonsec.example.com'),
('9601234501', N'Zielony Szlak Travel Sp. z o.o.', N'+48 58 555 10 18', N'kontakt@zielonyszlak.example.com'),
('7539514562', N'Bursztyn Studio Sp. z o.o.', N'+48 58 555 10 19', N'biuro@bursztynstudio.example.com'),
('3141592653', N'Pracownia Inżynierska Alfa Sp. z o.o.', N'+48 58 555 10 20', N'kontakt@alfaengineering.example.com');
GO

INSERT INTO dbo.SZKOLENIOWCY (numer_pracownika, imie, nazwisko, tytul_naukowy, data_urodzenia, pesel, numer_telefonu, adres_email, data_zatrudnienia, data_zwolnienia) VALUES
(10001, N'Anna', N'Kowalska', N'mgr', '1989-05-12', '89051212345', N'+48 600 101 001', N'anna.kowalska@example.com', '2016-03-01', NULL),
(10002, N'Michał', N'Nowak', N'inż.', '1986-11-23', '86112354321', N'+48 600 101 002', N'michal.nowak@example.com', '2014-10-15', NULL),
(10003, N'Katarzyna', N'Wiśniewska', N'mgr', '1991-02-08', '91020898765', N'+48 600 101 003', N'k.wisniewska@example.com', '2018-09-01', NULL),
(10004, N'Piotr', N'Wójcik', NULL, '1984-07-30', '84073011223', N'+48 600 101 004', N'piotr.wojcik@example.com', '2012-01-10', NULL),
(10005, N'Magdalena', N'Kaczmarek', N'dr', '1982-03-14', '82031433445', N'+48 600 101 005', N'm.kaczmarek@example.com', '2011-05-20', NULL),
(10006, N'Tomasz', N'Zieliński', N'mgr', '1990-09-05', '90090577889', N'+48 600 101 006', N'tomasz.zielinski@example.com', '2019-02-01', '2022-06-30'),
(10007, N'Agnieszka', N'Szymańska', NULL, '1988-12-01', '88120155667', N'+48 600 101 007', N'a.szymanska@example.com', '2015-06-01', NULL),
(10008, N'Marek', N'Dąbrowski', N'inż.', '1985-04-19', '85041999001', N'+48 600 101 008', N'marek.dabrowski@example.com', '2013-09-15', NULL),
(10009, N'Joanna', N'Lewandowska', N'mgr', '1992-06-22', '92062244556', N'+48 600 101 009', N'joanna.lewandowska@example.com', '2020-01-01', NULL),
(10010, N'Paweł', N'Król', NULL, '1987-08-11', '87081166778', N'+48 600 101 010', N'pawel.krol@example.com', '2017-04-10', NULL),
(10011, N'Natalia', N'Wieczorek', N'mgr', '1993-10-03', '93100322334', N'+48 600 101 011', N'n.wieczorek@example.com', '2021-09-01', NULL),
(10012, N'Łukasz', N'Jankowski', N'inż.', '1989-01-27', '89012788990', N'+48 600 101 012', N'l.jankowski@example.com', '2016-11-01', NULL),
(10013, N'Ewa', N'Mazur', NULL, '1983-02-16', '83021610101', N'+48 600 101 013', N'e.mazur@example.com', '2010-02-01', '2022-12-31'),
(10014, N'Karol', N'Krawczyk', N'mgr', '1990-05-09', '90050920202', N'+48 600 101 014', N'karol.krawczyk@example.com', '2019-10-01', NULL),
(10015, N'Marta', N'Piotrowska', NULL, '1994-09-17', '94091730303', N'+48 600 101 015', N'm.piotrowska@example.com', '2022-01-15', NULL),
(10016, N'Rafał', N'Grabowski', N'inż.', '1981-12-29', '81122940404', N'+48 600 101 016', N'rafal.grabowski@example.com', '2009-08-01', NULL),
(10017, N'Paulina', N'Pawlak', N'mgr', '1995-04-25', '95042550505', N'+48 600 101 017', N'paulina.pawlak@example.com', '2023-03-01', NULL),
(10018, N'Adam', N'Michalski', NULL, '1986-06-06', '86060660606', N'+48 600 101 018', N'adam.michalski@example.com', '2014-02-01', NULL),
(10019, N'Sylwia', N'Rutkowska', N'mgr', '1991-11-13', '91111370707', N'+48 600 101 019', N'sylwia.rutkowska@example.com', '2018-05-01', NULL),
(10020, N'Grzegorz', N'Ostrowski', N'inż.', '1982-01-04', '82010480808', N'+48 600 101 020', N'grzegorz.ostrowski@example.com', '2011-12-01', NULL),
(10021, N'Jessica', N'Mass', 'MSc', '1987-03-21', NULL, N'+48 600 101 021', N'jessica.mass@example.com', '2015-07-01', NULL);
GO

INSERT INTO dbo.UCZNIOWIE (indeks, imie, nazwisko, data_urodzenia, pesel, numer_telefonu, adres_email, nip) VALUES
(200001, N'Jakub', N'Nowicki', '2001-03-12', '01231212345', N'+48 700 201 001', N'jakub.nowicki@example.com', '5261040825'),
(200002, N'Zuzanna', N'Witkowska', '2002-07-08', '02270823456', N'+48 700 201 002', N'zuzanna.witkowska@example.com', '1234567890'),
(200003, N'Kacper', N'Kamiński', '2000-11-21', '00312134567', N'+48 700 201 003', N'kacper.kaminski@example.com', NULL),
(200004, N'Julia', N'Lewicka', '2001-01-30', '01213045678', N'+48 700 201 004', N'julia.lewicka@example.com', '6342198731'),
(200005, N'Mateusz', N'Zając', '1999-09-15', '99091556789', N'+48 700 201 005', N'mateusz.zajac@example.com', NULL),
(200006, N'Aleksandra', N'Kubiak', '2003-05-19', '03251967890', N'+48 700 201 006', N'aleksandra.kubiak@example.com', '7778889991'),
(200007, N'Jan', N'Jasiński', '2002-02-02', '02220278901', N'+48 700 201 007', N'jan.jasinski@example.com', '5210099912'),
(200008, N'Wiktoria', N'Kołodziej', '2001-12-09', '01320989012', N'+48 700 201 008', N'wiktoria.kolodziej@example.com',NULL),
(200009, N'Adam', N'Bąk', '2000-06-06', '00260690123', N'+48 700 201 009', N'adam.bak@example.com', '9573214680'),
(200010, N'Maja', N'Wróblewska', '2002-10-27', '02302701234', N'+48 700 201 010', N'maja.wroblewska@example.com', '8123456701'),
(200011, N'Szymon', N'Górski', '1999-04-18', '99041812346', N'+48 700 201 011', N'szymon.gorski@example.com', NULL),
(200012, N'Oliwia', N'Sikora', '2001-08-03', '01280323457', N'+48 700 201 012', N'oliwia.sikora@example.com', '6029384751'),
(200013, N'Antoni', N'Baran', '2003-01-25', '03212534568', N'+48 700 201 013', N'antoni.baran@example.com', '3948571620'),
(200014, N'Lena', N'Kopeć', '2002-09-14', '02291445679', N'+48 700 201 014', N'lena.kopec@example.com', NULL),
(200015, N'Filip', N'Dudek', '2000-02-29', '00222956780', N'+48 700 201 015', N'filip.dudek@example.com', '8412093765'),
(200016, N'Amelia', N'Lis', '2001-04-11', '01241167891', N'+48 700 201 016', N'amelia.lis@example.com', '1098765432'),
(200017, N'Franciszek', N'Chmielewski', '2003-06-20', '03262078902', N'+48 700 201 017', N'franciszek.chmielewski@example.com', NULL),
(200018, N'Hanna', N'Kania', '2002-03-07', '02230789013', N'+48 700 201 018', N'hanna.kania@example.com', '4455667788'),
(200019, N'Mikołaj', N'Pietrzak', '2000-12-01', '00320190124', N'+48 700 201 019', N'mikolaj.pietrzak@example.com', '3355779911'),
(200020, N'Łucja', N'Stepniak', '2001-07-26', '01272601235', N'+48 700 201 020', N'lucja.stepniak@example.com', NULL),
(200021, N'Enrico', N'Rossi', '2002-05-15', NULL, N'+48 700 201 021', N'enrico.rossi@example.com', '8899001122');
GO

INSERT INTO dbo.SZKOLENIA (data_rozpoczecia, data_zakonczenia, nazwa, opis, cena, cena_ze_znizka, max_wielkosc_grupy, numer_pracownika) VALUES
('2025-03-04','2025-03-06',
 N'ISO 9001 - system zarządzania jakością',
 N'Szkolenie omawia wymagania normy ISO 9001, zasady wdrażania, dokumentowania oraz doskonalenia systemu zarządzania jakością.',
 1800.00, 1600.00, 18, 10001),

('2025-03-18','2025-03-20',
 N'ISO 14001 - system zarządzania środowiskowego',
 N'Interpretacja wymagań normy ISO 14001, identyfikacja aspektów środowiskowych oraz zarządzanie wpływem organizacji na środowisko.',
 1900.00, 1700.00, 18, 10002),

('2025-04-08','2025-04-10',
 N'ISO 45001 - BHP w organizacji',
 N'Szkolenie dotyczące wdrażania i utrzymania systemu zarządzania bezpieczeństwem i higieną pracy zgodnie z ISO 45001.',
 1700.00, 1500.00, 20, 10003),

('2025-04-22','2025-04-24',
 N'ISO 27001 - system zarządzania bezpieczeństwem informacji',
 N'Praktyczne podejście do zarządzania bezpieczeństwem informacji, analiza ryzyk oraz wymagania normy ISO 27001.',
 2200.00, 2000.00, 16, 10004),

('2025-05-06','2025-05-08',
 N'ISO 22301 - zarządzanie ciągłością działania',
 N'Projektowanie i wdrażanie systemu zarządzania ciągłością działania oraz planów awaryjnych zgodnie z ISO 22301.',
 2100.00, 1900.00, 16, 10005),

('2025-05-20','2025-05-20',
 N'ISO 50001 - system zarządzania energią',
 N'Szkolenie z zakresu efektywnego zarządzania energią, monitorowania zużycia oraz spełnienia wymagań ISO 50001.',
 2000.00, 1800.00, 18, 10006),

('2025-06-03','2025-06-04',
 N'ISO 31000 - zarządzanie ryzykiem',
 N'Wytyczne i dobre praktyki zarządzania ryzykiem w organizacjach zgodnie z normą ISO 31000.',
 1500.00, 1350.00, 22, 10007),

('2025-06-17','2025-06-19',
 N'ISO/IEC 20000 - zarządzanie usługami IT',
 N'Szkolenie omawia wymagania normy ISO/IEC 20000 dotyczące zarządzania usługami IT i jakości świadczonych usług.',
 2100.00, 1900.00, 16, 10008),

('2025-07-01','2025-07-03',
 N'ISO 13485 - system jakości dla wyrobów medycznych',
 N'Wdrożenie i utrzymanie systemu zarządzania jakością dla producentów wyrobów medycznych zgodnie z ISO 13485.',
 2300.00, 2100.00, 14, 10009),

('2025-07-15','2025-07-17',
 N'ISO 22000 - bezpieczeństwo żywności (HACCP)',
 N'Systemy zarządzania bezpieczeństwem żywności, HACCP oraz wymagania normy ISO 22000.',
 2000.00, 1800.00, 18, 10010),

('2025-08-05','2025-08-07',
 N'ISO/IEC 17025 - laboratoria badawcze',
 N'Wymagania kompetencyjne laboratoriów badawczych i wzorcujących zgodnie z ISO/IEC 17025.',
 2400.00, 2200.00, 12, 10001),

('2025-08-19','2025-08-20',
 N'ISO 20121 - zrównoważone zarządzanie wydarzeniami',
 N'Zarządzanie wpływem społecznym, środowiskowym i ekonomicznym wydarzeń zgodnie z ISO 20121.',
 1600.00, 1450.00, 24, 10010),

('2025-09-02','2025-09-04',
 N'ISO 27017 i 27018 - bezpieczeństwo chmury',
 N'Bezpieczeństwo informacji i ochrona danych osobowych w środowiskach chmurowych zgodnie z ISO 27017 i ISO 27018.',
 2300.00, 2100.00, 16, 10003),

('2025-09-16','2025-09-18',
 N'ISO/IEC 15408 - Common Criteria',
 N'Ocena bezpieczeństwa produktów i systemów IT według kryteriów Common Criteria.',
 2500.00, 2300.00, 12, 10014),

('2025-10-07','2025-10-09',
 N'ISO 28000 - bezpieczeństwo łańcucha dostaw',
 N'Zarządzanie bezpieczeństwem w łańcuchu dostaw zgodnie z wymaganiami normy ISO 28000.',
 1900.00, 1700.00, 18, 10015),

('2025-10-21','2025-10-22',
 N'ISO 50002 i 50003 - audyty energetyczne',
 N'Pomiar, monitorowanie i doskonalenie efektywności energetycznej według ISO 50002 i ISO 50003.',
 1800.00, 1650.00, 20, 10016),

('2025-11-04','2025-11-06',
 N'ISO 30301 - ciągłość działania w sektorze publicznym',
 N'Wdrażanie systemów ciągłości działania w jednostkach sektora publicznego zgodnie z ISO 30301.',
 2100.00, 1900.00, 16, 10017),

('2025-11-18','2025-11-20',
 N'ISO 39001 - odpowiedzialność społeczna',
 N'Zarządzanie bezpieczeństwem ruchu drogowego i odpowiedzialnością społeczną organizacji.',
 1700.00, 1550.00, 20, 10002),

('2025-12-02','2025-12-04',
 N'ISO 56002 - zarządzanie innowacjami',
 N'Wytyczne zarządzania innowacjami, kulturą innowacyjną oraz procesami rozwoju.',
 2000.00, 1800.00, 18, 10019),

('2025-12-16','2025-12-18',
 N'ISO 58001 - bezpieczeństwo informacji w sektorze publicznym',
 N'Zarządzanie bezpieczeństwem informacji w jednostkach sektora publicznego zgodnie z ISO 58001.',
 2200.00, 2000.00, 14, 10020),

 ('2026-03-04','2026-03-06',
 N'ISO 9001 - system zarządzania jakością',
 N'Szkolenie omawia wymagania normy ISO 9001, zasady wdrażania, dokumentowania oraz doskonalenia systemu zarządzania jakością.',
 1800.00, 1600.00, 18, 10001),

('2026-03-18','2026-03-20',
 N'ISO 14001 i ISO 9001 - system zarządzania środowiskowego i jakości',
 N'Interpretacja wymagań normy ISO 14001, identyfikacja aspektów środowiskowych oraz zarządzanie wpływem organizacji na środowisko.',
 1900.00, 1700.00, 18, 10002),

('2026-03-19','2026-03-21',
 N'BHP - co to w ogóle?',
 N'Szkolenie dotyczące wdrażania i utrzymania systemu zarządzania bezpieczeństwem i higieną pracy zgodnie z ISO 45001.',
 1700.00, 1500.00, 20, 10003),

('2026-05-06','2026-05-08',
 N'ISO 22301 - zarządzanie ciągłością działania',
 N'Projektowanie i wdrażanie systemu zarządzania ciągłością działania oraz planów awaryjnych zgodnie z ISO 22301.',
 2100.00, 1900.00, 16, 10005),

('2026-06-17','2026-06-19',
 N'ISO/IEC 20000 - zarządzanie usługami IT',
 N'Szkolenie omawia wymagania normy ISO/IEC 20000 dotyczące zarządzania usługami IT i jakości świadczonych usług.',
 2100.00, 1900.00, 16, 10008);
GO

INSERT INTO dbo.UPOWAZNIENIA (data_wystawienia, podmiot_wystawiajacy, numer_pracownika, iso) VALUES
('1999-03-15', N'Instytut Jakości', 10001, '9001'),
('2000-07-22', N'Centrum Środowiskowe', 10002, '14001'),
('2001-11-05', N'Bezpieczeństwo Pracy Sp. z o.o.', 10003, '45001'),
('2002-02-18', N'Security Info Ltd.', 10004, '27001'),
('2003-06-30', N'Continuity Experts', 10005, '22301'),
('2004-09-12', N'Energia Plus', 10006, '50001'),
('2005-12-01', N'Risk Management Co.', 10007, '31000'),
('2006-04-25', N'IT Services Group', 10008, '20000'),
('2007-08-14', N'Instytut Jakości', 10002, '9001'),
('2008-10-29', N'Centrum Środowiskowe', 10003, '14001'),
('2009-01-15', N'Bezpieczeństwo Pracy Sp. z o.o.', 10004, '45001'),
('2010-05-03', N'Security Info Ltd.', 10005, '27001'),
('2011-07-19', N'Continuity Experts', 10006, '22301'),
('2012-11-08', N'Energia Plus', 10007, '50001'),
('2013-03-22', N'Risk Management Co.', 10008, '31000'),
('2014-06-10', N'IT Services Group', 10001, '20000'),
('2015-09-28', N'Instytut Jakości', 10004, '9001'),
('2016-12-16', N'Centrum Środowiskowe', 10005, '14001'),
('2017-04-04', N'Bezpieczeństwo Pracy Sp. z o.o.', 10006, '45001'),
('2018-07-20', N'Security Info Ltd.', 10007, '27001'),
('2019-10-09', N'Continuity Experts', 10008, '22301'),
('2020-01-27', N'Energia Plus', 10001, '50001'),
('2021-05-15', N'Risk Management Co.', 10002, '31000'),
('2022-08-31', N'IT Services Group', 10003, '20000'),
('2023-11-12', N'Instytut Jakości', 10005, '9001'),
('2024-02-28', N'Centrum Środowiskowe', 10006, '14001'),
('2024-06-15', N'Bezpieczeństwo Pracy Sp. z o.o.', 10007, '45001'),
('2024-09-03', N'Security Info Ltd.', 10008, '27001'),
('2024-11-21', N'Continuity Experts', 10001, '22301'),
('2025-02-07', N'Energia Plus', 10002, '50001'),
('2025-04-25', N'Risk Management Co.', 10003, '31000'),
('2025-07-13', N'IT Services Group', 10004, '20000'),
('2025-10-01', N'Instytut Jakości', 10006, '9001'),
('2025-01-18', N'Centrum Środowiskowe', 10007, '14001'),
('2025-04-07', N'Bezpieczeństwo Pracy Sp. z o.o.', 10008, '45001'),
('2025-01-10', N'PCA - Polskie Centrum Akredytacji', 10001, '9001'),
('2025-01-12', N'Bureau Veritas Polska', 10002, '14001'),
('2025-01-15', N'TÜV Rheinland Polska', 10003, '45001'),
('2025-01-20', N'DNV Poland', 10004, '27001'),
('2025-02-03', N'BSI Group Polska', 10005, '22301'),
('2025-02-05', N'SGS Polska', 10006, '50001'),
('2025-02-10', N'LRQA Polska', 10007, '31000'),
('2025-02-14', N'Dekra Certification', 10008, '20000'),
('2025-03-01', N'PCA - Akredytacja Medyczna', 10009, '13485'),
('2025-03-05', N'Inspekcja Jakości Żywności - Jednostka', 10010, '22000'),
('2025-03-10', N'Jednostka Akredytująca Laboratoria', 10011, '17025'),
('2025-03-12', N'Forum Zrównoważonych Wydarzeń', 10012, '20121'),
('2025-03-20', N'Cloud Security Alliance - Partner', 10013, '27017'),
('2025-03-22', N'Cloud Privacy Institute', 10013, '27018'),
('2025-04-02', N'Common Criteria Evaluation Body', 10014, '15408'),
('2025-04-10', N'Supply Chain Security Board', 10015, '28000'),
('2025-04-15', N'Energy Audit Association', 10016, '50002'),
('2025-04-18', N'Energy Monitoring Council', 10016, '50003'),
('2025-05-06', N'Instytut Ciągłości Działania - Public', 10017, '30301'),
('2025-05-20', N'Instytut Odpowiedzialności Społecznej', 10018, '39001');
GO

INSERT INTO dbo.ZAPEWNIANE_KWALIFIKACJE (opis, iso, id_szkolenia) VALUES
(N'Szkolenie przygotowuje do wdrożenia i utrzymania systemu wg ISO 9001.', '9001', 1),
(N'Szkolenie przygotowuje do wdrożenia i utrzymania systemu wg ISO 14001.', '14001', 2),
(N'Szkolenie przygotowuje do wdrożenia i utrzymania systemu wg ISO 45001.', '45001', 3),
(N'Szkolenie przygotowuje do wdrożenia i utrzymania systemu wg ISO 27001.', '27001', 4),
(N'Szkolenie przygotowuje do wdrożenia i utrzymania systemu wg ISO 22301.', '22301', 5),
(N'Szkolenie przygotowuje do wdrożenia i utrzymania systemu wg ISO 50001.', '50001', 6),
(N'Szkolenie przygotowuje do wdrożenia procesu zarządzania ryzykiem wg ISO 31000.', '31000', 7),
(N'Szkolenie przygotowuje do wdrożenia systemu zarządzania usługami IT wg ISO/IEC 20000.', '20000', 8),
(N'Szkolenie przygotowuje do wdrożenia systemu jakości dla wyrobów medycznych wg ISO 13485.', '13485', 9),
(N'Szkolenie przygotowuje do wdrożenia systemu bezpieczeństwa żywności wg ISO 22000.', '22000', 10),
(N'Szkolenie przygotowuje do spełnienia wymagań laboratoriów wg ISO/IEC 17025.', '17025', 11),
(N'Szkolenie przygotowuje do wdrożenia systemu zrównoważonego rozwoju wydarzeń wg ISO 20121.', '20121', 12),
(N'Szkolenie obejmuje kontrole bezpieczeństwa informacji dla usług w chmurze wg ISO 27017.', '27017', 13),
(N'Szkolenie obejmuje ochronę danych osobowych w chmurze wg ISO 27018.', '27018', 13),
(N'Szkolenie przygotowuje do oceny bezpieczeństwa IT wg ISO/IEC 15408 (Common Criteria).', '15408', 14),
(N'Szkolenie przygotowuje do wdrożenia systemu bezpieczeństwa łańcucha dostaw wg ISO 28000.', '28000', 15),
(N'Szkolenie obejmuje pomiar efektywności energetycznej wg ISO 50002.', '50002', 16),
(N'Szkolenie obejmuje monitorowanie i pomiar efektywności energetycznej wg ISO 50003.', '50003', 16),
(N'Szkolenie przygotowuje do wdrożenia ciągłości działania dla sektora publicznego wg ISO 30301.', '30301', 17),
(N'Szkolenie obejmuje system zarządzania odpowiedzialnością społeczną wg ISO 39001.', '39001', 18),
(N'Szkolenie obejmuje zarządzanie innowacjami wg ISO 56002.', '56002', 19),
(N'Szkolenie obejmuje bezpieczeństwo informacji w sektorze publicznym wg ISO 58001.', '58001', 20),
(N'Edycja szkolenia - przygotowanie do ISO 9001.', '9001', 21),
(N'Edycja szkolenia - przygotowanie do ISO 14001.', '14001', 22),
(N'Edycja szkolenia - przygotowanie do ISO 9001.', '9001', 22),
(N'Edycja szkolenia - przygotowanie do ISO 22301.', '22301', 24),
(N'Edycja szkolenia - przygotowanie do ISO 20000.', '20000', 25);
GO

INSERT INTO dbo.REZERWACJE (data_zlozenia, czy_oplacono, indeks, id_szkolenia) VALUES
('2025-01-05', 1, 200001, 1),
('2025-01-06', 0, 200002, 2),
('2025-01-07', 1, 200003, 3),
('2025-01-08', 1, 200004, 4),
('2025-01-09', 0, 200005, 5),
('2025-01-10', 1, 200006, 6),
('2025-01-11', 1, 200007, 7),
('2025-01-12', 0, 200008, 8),
('2025-01-13', 1, 200009, 9),
('2025-01-14', 1, 200010, 10),
('2025-01-15', 0, 200011, 11),
('2025-01-16', 1, 200012, 12),
('2025-01-17', 1, 200013, 13),
('2025-01-18', 0, 200014, 14),
('2025-01-19', 1, 200015, 15),
('2025-01-20', 1, 200016, 16),
('2025-01-21', 0, 200017, 17),
('2025-01-22', 1, 200018, 18),
('2025-01-23', 1, 200019, 19),
('2025-01-24', 0, 200020, 20),
('2025-01-25', 1, 200021, 1),
('2025-01-26', 1, 200003, 1),
('2025-01-27', 1, 200005, 1),
('2025-01-28', 1, 200007, 1),
('2025-01-29', 1, 200009, 1),
('2025-01-30', 1, 200011, 1),
('2025-02-01', 1, 200013, 1),
('2025-02-02', 0, 200015, 1),
('2025-02-10', 1, 200002, 4),
('2025-02-11', 1, 200006, 4),
('2025-02-12', 1, 200008, 4),
('2025-02-13', 1, 200010, 4),
('2025-02-14', 1, 200012, 4),
('2025-02-15', 0, 200014, 4),
('2025-03-01', 1, 200001, 9),
('2025-03-02', 1, 200003, 9),
('2025-03-03', 1, 200005, 9),
('2025-03-04', 1, 200007, 9),
('2025-02-20', 1, 200001, 2),
('2025-02-21', 1, 200004, 3),
('2025-02-22', 1, 200006, 5),
('2025-02-23', 1, 200004, 7),
('2025-02-24', 1, 200012, 8),
('2025-02-25', 1, 200016, 10),
('2025-02-26', 1, 200018, 11),
('2025-03-10', 0, 200002, 15),
('2025-03-11', 0, 200004, 15),
('2025-03-12', 0, 200006, 15),
('2025-03-13', 1, 200008, 15),
('2025-03-15', 1, 200001, 6),
('2025-03-16', 1, 200001, 11),
('2025-03-17', 1, 200004, 12),
('2025-03-18', 1, 200004, 13),
('2025-03-19', 1, 200006, 14),
('2025-03-20', 1, 200012, 16),
('2025-03-21', 1, 200012, 17),
('2025-03-22', 1, 200016, 18),
('2025-03-23', 1, 200018, 19),
('2025-03-24', 1, 200007, 23);
GO

INSERT INTO dbo.OCENY
(czy_pozytywna, czy_ukryta, liczba_gwiazdek, komentarz, data_wystawienia, indeks, id_szkolenia)
VALUES
(1, 0, 5, N'Bardzo dobrze wyjaśnione wymagania normy i przykłady dokumentacji.', '2025-03-10', 200001, 1),
(1, 0, 5, N'Świetne wprowadzenie do ISO 9001, polecam!', '2025-03-11', 200021, 1),
(1, 0, 5, N'Bardzo profesjonalny szkoleniowiec.', '2025-03-11', 200003, 1),
(1, 0, 4, N'Dobra merytoryka, praktyczne case studies.', '2025-03-11', 200005, 1),
(1, 0, 5, N'Warto było uczestniczyć!', '2025-03-11', 200007, 1),
(1, 0, 4, N'Solidne szkolenie, wartościowe materiały.', '2025-03-11', 200009, 1),
(1, 0, 5, N'Rewelacyjne podejście do tematu.', '2025-03-11', 200011, 1),
(1, 0, 4, N'Bardzo pomocne w pracy.', '2025-03-11', 200013, 1),
(1, 0, 4, N'Praktyczne podejście do aspektów środowiskowych.', '2025-03-25', 200002, 2),
(0, 0, 2, N'Nie polecam tego szkolenia.', '2025-03-26', 200004, 2),
(1, 0, 4, N'Dobra prezentacja zagadnień.', '2025-03-27', 200001, 2),
(1, 0, 5, N'Wiele przykładów z wdrożeń BHP.', '2025-04-20', 200003, 3),
(0, 0, 1, N'Strata czasu i pieniędzy.', '2025-04-21', 200004, 3),
(1, 0, 4, N'Fajna część o analizie ryzyka i wymaganiach ISMS.', '2025-05-01', 200004, 4),
(1, 0, 5, N'Doskonałe podejście do tematu bezpieczeństwa.', '2025-05-02', 200002, 4),
(1, 0, 5, N'Najlepsze szkolenie z bezpieczeństwa IT.', '2025-05-02', 200006, 4),
(1, 0, 4, N'Bardzo praktyczne przykłady.', '2025-05-02', 200008, 4),
(1, 0, 5, N'Konkretne narzędzia do analizy ryzyk.', '2025-05-02', 200010, 4),
(1, 0, 4, N'Świetny warsztat z audytami.', '2025-05-02', 200012, 4),
(0, 1, 2, N'Za dużo teorii, mało ćwiczeń.', '2025-05-12', 200005, 5),
(0, 0, 2, N'Materiały nieaktualne.', '2025-05-13', 200006, 5),
(1, 0, 4, N'Dużo praktyki i omówienie wskaźników energetycznych.', '2025-05-28', 200006, 6),
(1, 0, 4, N'Bardzo pomocne w codziennej pracy.', '2025-05-29', 200001, 6),
(1, 0, 5, N'Dobrze ułożony proces identyfikacji i oceny ryzyk.', '2025-06-10', 200007, 7),
(1, 0, 3, N'W porządku, ale oczekiwałem więcej.', '2025-06-11', 200004, 7),
(1, 0, 4, N'Jasno wytłumaczone procesy i SLA w ITSM.', '2025-06-30', 200012, 8),
(1, 0, 5, N'Bardzo przydatne w kontekście branży medycznej.', '2025-07-20', 200009, 9),
(1, 0, 5, N'Najlepsze szkolenie z ISO, jakie miałem.', '2025-07-21', 200001, 9),
(1, 0, 5, N'Rewelacyjne dla sektora med-tech.', '2025-07-21', 200003, 9),
(1, 0, 4, N'Bardzo merytoryczne i praktyczne.', '2025-07-21', 200005, 9),
(1, 0, 5, N'Polecam każdemu z branży!', '2025-07-21', 200007, 9),
(1, 0, 4, N'Dobre ujęcie HACCP i wymagań systemowych.', '2025-08-05', 200010, 10),
(1, 0, 4, N'Pomocne dla branży spożywczej.', '2025-08-06', 200016, 10),
(1, 0, 5, N'Świetne omówienie niepewności pomiaru i walidacji metod.', '2025-08-25', 200011, 11),
(1, 0, 3, N'Standardowe szkolenie, nic szczególnego.', '2025-08-26', 200001, 11),
(1, 0, 4, N'Konkretnie o akredytacji laboratoriów.', '2025-08-26', 200018, 11),
(1, 0, 4, N'Przydatne dla organizatorów wydarzeń i dostawców.', '2025-09-10', 200012, 12),
(1, 0, 5, N'Świetne dla branży eventowej.', '2025-09-10', 200004, 12),
(1, 0, 5, N'Bardzo aktualne podejście do chmury i ochrony danych.', '2025-09-25', 200013, 13),
(1, 0, 4, N'Dobre omówienie cloud security.', '2025-09-25', 200004, 13),
(1, 0, 4, N'Common Criteria wyjaśnione przystępnie.', '2025-10-10', 200014, 14),
(1, 0, 5, N'Bardzo techniczne, ale wartościowe.', '2025-10-10', 200006, 14),
(1, 0, 4, N'Przydatne dla logistyki.', '2025-10-25', 200015, 15),
(0, 0, 2, N'Słabe przykłady praktyczne.', '2025-10-26', 200002, 15),
(0, 0, 2, N'Rozczarowanie jakością materiałów.', '2025-10-26', 200004, 15),
(0, 0, 3, N'Mogło być dużo lepiej.', '2025-10-26', 200006, 15),
(1, 0, 5, N'Konkrety dot. audytów energetycznych, dużo przykładów.', '2025-11-10', 200016, 16),
(1, 0, 4, N'Bardzo praktyczne podejście.', '2025-11-10', 200012, 16),
(0, 0, 3, N'OK, ale przydałoby się więcej ćwiczeń.', '2025-11-25', 200017, 17),
(0, 0, 3, N'Mogło być lepiej przygotowane.', '2025-11-26', 200012, 17),
(1, 0, 4, N'Przydatne zagadnienia dot. odpowiedzialności i ładu.', '2025-12-05', 200018, 18),
(1, 0, 4, N'Ciekawe case studies.', '2025-12-05', 200016, 18),
(1, 0, 5, N'Bardzo dobre narzędzia do pracy z innowacjami.', '2025-12-10', 200019, 19),
(1, 0, 5, N'Konkretne narzędzia i metodyki.', '2025-12-11', 200018, 19),
(1, 0, 4, N'Dobrze pod sektor publiczny, klarowne wymagania.', '2025-12-12', 200020, 20);
GO
